3*h**2 + 9*h + 16. Let o(b) = -7*w(b) - 6*y(b). Determine o(-7).
4
Let m(v) = -6*v. Let f be m(-1). Let r(a) = 4*a**3 - 3*a**2 - a + 6. Let u(h) = -5*h**3 + 2*h**2 + h - 7. Let i(g) = -4*r(g) - 3*u(g). What is i(f)?
3
Suppose -11 = -5*n + 14. Let b(c) = -c**3 + 6*c**2 - 8*c + 12. Let u be b(n). Let p(s) = s**2 + 3*s + 1. Calculate p(u).
1
Let u be (3/(-6) - -2)/((-21)/(-1904)). Let q be 26/(-91) + u/(-14). Let s(y) = y**2 + 10*y + 12. Give s(q).
12
Let o(g) = 2*g**2 + 14*g - 3. Let n be 180/(-26) - (721/(-91) + 8). What is o(n)?
-3
Let g = -13 - -4. Let h(x) = 3*x**3 + 9 - 4*x**3 - 11 - 10*x**2 - 2 - 10*x. Give h(g).
5
Let t = 45 - 35. Let s(x) = 14*x + 3 - t*x - 2. Give s(-1).
-3
Let w(z) = 13*z**3 + z**2 - 21*z + 12. Let u(c) be the third derivative of -c**6/40 + 5*c**4/24 - c**3/2 + 2*c**2. Let a(k) = -9*u(k) - 2*w(k). What is a(3)?
3
Let p = 21 + -4. Let z be (-2)/(-8) + 53/(-4). Let j = p + z. Let a(k) = k**2 - 7*k + 6. Determine a(j).
-6
Let p(g) be the third derivative of 7*g**4/24 - 5*g**3/6 - g**2 - 501. Determine p(-4).
-33
Let q(a) = -a**3 + 4*a**2 - 2*a + 2. Let i = 55 - 52. Suppose -15 = -6*p + i. Give q(p).
5
Let l be (-5)/10*-6 - (0 - -3). Let z(r) = 3*r - 8*r + l*r + 1. Suppose -5*m = -3*w + 16 + 5, 0 = 4*m + 12. What is z(w)?
-9
Suppose -5*s + 2 = -8. Suppose -j + 0*j = -s. Let h(v) = -j - 1 - 3 + 4*v - 6*v. Determine h(-6).
6
Let v = 35 - 37. Let w(l) = 14*l**2 - 1. Let j(t) = 56*t**2 - 5. Let p(x) = v*j(x) + 9*w(x). What is p(-1)?
15
Let g(b) = 11*b**3 - 1. Suppose -5*n + 0*p + 147 = p, n - 5*p - 45 = 0. Suppose 0 = -5*x + 10*x - n. Suppose s + x = 7. Give g(s).
10
Let n = -250 + 240. Let u(s) = -2*s - 22. Give u(n).
-2
Let g(r) = -3*r**3 - r**2 + 17*r - 14. Let c(p) = -2*p**3 - 2*p**2 + 9*p - 7. Let i(v) = -5*c(v) + 3*g(v). Give i(-6).
-7
Let s(i) = i**3 - 16*i**2 - 38*i + 34. Let h be s(18). Let j(o) = -o**2 - 2*o - 3. Calculate j(h).
-3
Let f = -39 - -49. Let l(i) = 4*i - f*i + 8*i - 2. Let n(k) = -k**3 + 5*k**2 + 8*k - 6. Let h be n(6). Calculate l(h).
10
Let u(f) be the first derivative of -2*f - 5/2*f**2 - 1/3*f**3 + 15. Give u(-6).
-8
Let w be (-121)/66 + 1/(-6). Let z(i) = i**2 - i. Let a(h) = -h + 7. Let o be a(3). Let k(l) = -3*l**2 + 7*l - 2. Let p(b) = o*z(b) + k(b). Calculate p(w).
-4
Let v(d) = d**3 - 10*d**2 + 10*d - 9. Let z = 562 + -553. Calculate v(z).
0
Let w(g) = -g**3 - 5*g**2 - 6*g - 2. Suppose -13*i = -34*i - 42. Determine w(i).
-2
Let w(m) = -m**2 - 13*m + 7. Let j(d) be the second derivative of -7*d**3/6 + 2*d**2 + 3*d. Let r = -21 - -26. Let p(h) = r*j(h) - 3*w(h). Calculate p(-3).
14
Let n(k) = 13*k - 83. Let f be n(6). Let o(u) = u**3 + 6*u**2 + 7*u + 7. Calculate o(f).
-3
Let y(j) = -j**2 - 4*j - 6. Let x(h) = 4*h**2 + 16*h + 24. Let i(k) = 2*x(k) + 9*y(k). Let r be -1*7 + (0/(-25))/28. Give i(r).
-27
Let d = 20 + -20. Suppose d = 3*q - 4 - 2. Let i(x) = 2*x + 5 + 1 - x**q - 6*x - 4*x. What is i(-9)?
-3
Let l(p) be the second derivative of p**5/60 - 5*p**4/24 - 2*p**3/3 - 8*p**2 - 23*p. Let f(t) be the first derivative of l(t). What is f(7)?
10
Let d(t) be the third derivative of t**5/60 + t**4/12 - 2*t**3/3 + 11*t**2. Give d(-2).
-4
Let j(s) = s**3 + 4*s**2 - 7*s - 3. Let x be j(-5). Suppose 0 = x*t + 5 - 19. Let i(v) = v**3 - 2*v**2 + 2*v - 3. Determine i(t).
1
Let a(m) = -m**3 - 4*m**2 + 4*m + 8. Suppose -85*t + 50*t - 175 = 0. Calculate a(t).
13
Let v(u) be the first derivative of u**4/4 + 4*u**3/3 - 7*u**2/2 + 2*u + 71. Let z = -6 - -3. Let g(x) = 2*x + 1. Let i be g(z). Determine v(i).
12
Let r(t) = 13*t - 27. Let d(j) = 37*j - 79. Let l(b) = 6*d(b) - 17*r(b). Calculate l(9).
-6
Let b(t) = -t**3 - 6*t**2 + 8*t + 10. Let r(m) = -4*m - 17. Let n be r(-8). Suppose 5*j - n = -50. Calculate b(j).
3
Let a(z) = -39*z**2 + 3*z - 19. Let g(k) = 17*k**2 - k + 9. Let f(h) = 4*a(h) + 9*g(h). Determine f(-2).
-13
Let j be (-2)/(-4) - (-2)/(-4). Let u = 1063 - 1060. Suppose j = x - u. Let d(z) = z**3 - 2*z**2 - 2*z - 1. What is d(x)?
2
Let q = -34 - -31. Let h = 8 + q. Let m(v) = -4*v - v + 0*v + v**2 - 2*v + 4. Give m(h).
-6
Suppose 2*g + 54 = 4*g. Let v(p) = p**2 - 36*p - 22. Let b be v(38). Let f(z) = 26 + 6*z - b + g. Calculate f(-1).
-7
Let k = 21 + -17. Suppose 0 = -k*d + 11 - 19. Let r(y) = -3*y + 2. Determine r(d).
8
Let p = -44 + 43. Let d = p - -4. Let l(k) = k**2 - 4*k + 2. Determine l(d).
-1
Let q(v) be the third derivative of -v**6/120 - 11*v**5/60 - 11*v**4/24 - v**3/2 - v**2 + 49*v. Determine q(-10).
7
Let g(p) = p**2 + p. Let c(q) = -q**3 + 2*q**2 + 3. Let i(w) = -c(w) + 2*g(w). Suppose 0 = 4*n - 2 + 18. Let r = 6 + n. Give i(r).
9
Let z(w) = -w**3 + 11*w**2 + 2. Let p be z(11). Suppose 0 = 2*k - 3*k + p. Let d(q) = 4 - q + k - 2. What is d(-4)?
8
Let u be (-2)/(-6) + 1391/39. Suppose 0 = -2*p - k + 30, 3*p - 2*k - u = k. Let q(d) = d**3 + p*d - 3*d**2 - 2*d - 3 - 8*d. Determine q(2).
1
Let l be (-23)/(-7) - 2/7. Let d(y) = 2*y**2 - 2*y + 32. Let p(c) = 0*c - 2*c - 4*c**2 - 13 + 3*c + 3*c**2. Let b(w) = -5*d(w) - 12*p(w). Calculate b(l).
8
Let r(b) be the third derivative of -b**5/60 + b**4/24 - 19*b**3/6 + b**2 - 20. What is r(0)?
-19
Suppose -21*q = -25*q + 8. Let o be q*30/(-5) + 5. Let h(x) = -x - 1. Determine h(o).
6
Let i be (25/(-15) - 6)*(-3)/1. Suppose -25 = 6*t + i. Let c(a) be the second derivative of a**5/20 + 2*a**4/3 + a**2 + 4*a. Give c(t).
2
Let u(f) = 2*f - 20. Let j(z) = z - 10. Let m(o) = -7*j(o) + 4*u(o). Let a be ((-552)/16)/23*(-6)/1*1. Give m(a).
-1
Let g(q) be the first derivative of -q**4/24 - 13*q**3/6 + 5*q**2 - 8. Let r(h) be the second derivative of g(h). Give r(-6).
-7
Let h(c) = -2*c + 3. Let a be h(2). Let y = -1 - -7. Let m(r) = -r - r + y*r. Give m(a).
-4
Let u(x) = 7*x - 31. Let l be u(7). Let f(p) = -l + 40 - 20 + p. Let m be (-2)/6 + 44/6. What is f(m)?
9
Let t(g) = 2*g + 2. Let i(h) = h**3 - 9*h**2 - 9*h - 6. Let o(n) = n**2 - 11*n + 20. Let f be o(10). Let d be i(f). What is t(d)?
10
Let m(l) = l - 2. Let t = 19 - 10. Suppose -2*d + 3 = -t. Suppose -5*h = -d + 26. Calculate m(h).
-6
Let i(t) = -6*t**3 - 2*t + 1. Let v = -134 - -135. Give i(v).
-7
Let u(f) = -35*f - 19. Let w(s) = 34*s + 16. Let o(b) = -5*u(b) - 6*w(b). What is o(-1)?
28
Let k(v) be the first derivative of 1/3*v**3 + 16 + 3*v**2 + 8*v. Calculate k(-6).
8
Let d(z) be the first derivative of z**4/4 + z**3 + z**2 - 2*z - 407. Give d(-4).
-26
Let j be 24/(-14)*322/(-92). Let b(g) = -g + 1. Let m(h) = -5*h + 18. Let q(z) = -4*b(z) + m(z). What is q(j)?
8
Let j(u) = -u**2 + u - 4. Let t = -367 - -361. What is j(t)?
-46
Let t(x) = 14*x**3 - 2 + 4*x**3 - 36*x**2 + 1 + 38*x**2. Determine t(1).
19
Suppose 3*v - 30 = -9. Let x(j) = 0 + v - 6 - j. Calculate x(0).
1
Let y = 8 + -14. Let o = -5 - y. Let x(s) be the first derivative of 5*s**3/3 + s - 28. Calculate x(o).
6
Let h(y) = -19*y - 79. Let p be h(-4). Let s(m) = 2*m - 3*m**2 + m**2 + 0*m**3 + m**3 - 1 - 2*m**3. Give s(p).
2
Let l(z) = -z**2 - 12*z + 7. Let u = -184 + 171. Calculate l(u).
-6
Let d be 6*4/10 + (-6)/(-10). Let c(x) be the third derivative of 0 + 0*x + 1/24*x**4 - 2*x**2 + 1/6*x**d. Determine c(5).
6
Let n(d) be the second derivative of d**5/20 - d**4/2 + d**3 + 132*d - 1. Calculate n(4).
-8
Let x(d) be the first derivative of 13 + 5/2*d**2 + 1/4*d**4 + 7*d - 7/3*d**3. Suppose 3 = -2*c + 15. What is x(c)?
1
Let r be 3/(-7) + 76/14. Let o(n) = -3 - 3*n - 6 - n. Let i(t) = 5*t + 8. Let s(d) = r*i(d) + 6*o(d). Calculate s(6).
-8
Let o(r) = -r. Let x(l) = l - 13. Let n(t) = 4*o(t) + x(t). What is n(4)?
-25
Let x(f) be the third derivative of -f**6/120 - f**5/10 + 5*f**4/24 - f**3 + 19*f**2 + 2. What is x(-7)?
8
Let m(a) = -8 - 2 + a - 2*a. Let p = 4780 - 4787. Calculate m(p).
-3
Suppose -2*p = 4*a + 10 - 8, -10 = 5*a. Let g(l) be the first derivative of -l**2/2 - 4*l - 10. Calculate g(p).
-7
Let g = -4 + 3. Let q(y) = -y - 4. Let x(s) = -5*s - 18. Let b(m) = 18*q(m) - 4*x(m). What is b(g)?
-2
Let l(i) = 2*i**2 - 2*i - 1. Suppose 24 = t + 5*d, -9*t + 4*d = -6*t + 4. What is l(t)?
23
Suppose 5 = 11*c - 10*c. Suppose -7*g = c*g - g. Let b(d) = d - 4. Give b(g).
-4
Let s(n) = 2*n**2 - 20*n + 28. Let w be s(8). Let v(p) = p**3 + 5*p**2 - p - 3. Give v(w).
17
Let w(k) = -k**3 + 12*k**2 - 11*k + 2. Suppose n + 22 = 3*n. Let r be w(n)